{"id":2991,"date":"2025-11-20T16:47:52","date_gmt":"2025-11-20T15:47:52","guid":{"rendered":"https:\/\/mathieucote.art\/?post_type=product&#038;p=2991"},"modified":"2026-01-09T11:25:19","modified_gmt":"2026-01-09T10:25:19","slug":"les-maux-invisibles","status":"publish","type":"product","link":"https:\/\/mathieucote.art\/index.php\/produit\/les-maux-invisibles\/","title":{"rendered":"Les Maux Invisibles"},"content":{"rendered":"","protected":false},"excerpt":{"rendered":"<p data-start=\"80\" data-end=\"408\"><strong data-start=\"80\" data-end=\"126\">Une pi\u00e8ce moderne, originale et expressive<\/strong>, pens\u00e9e pour d\u00e9velopper votre sens de l\u2019interpr\u00e9tation tout en offrant un v\u00e9ritable moment musical.<br data-start=\"226\" data-end=\"229\" \/>Sa palette \u00e9motionnelle riche et ses couleurs cin\u00e9matographiques en font une \u0153uvre qui pourrait ais\u00e9ment trouver sa place dans une <strong data-start=\"360\" data-end=\"407\">bande originale de film ou de court-m\u00e9trage<\/strong>.<\/p>\n<p data-start=\"410\" data-end=\"586\">Adapt\u00e9e \u00e0 un <strong data-start=\"423\" data-end=\"447\">niveau interm\u00e9diaire<\/strong>, cette pi\u00e8ce propose un subtil \u00e9quilibre entre sensibilit\u00e9 et technique, id\u00e9ale pour enrichir et diversifier votre r\u00e9pertoire pianistique.<\/p>\n<p data-start=\"588\" data-end=\"611\"><strong data-start=\"588\" data-end=\"611\">Nombre de pages : 4<\/strong><\/p>\n<p data-start=\"613\" data-end=\"697\"><strong data-start=\"613\" data-end=\"694\">Type : partition num\u00e9rique \u2014 t\u00e9l\u00e9chargement imm\u00e9diat et impression \u00e0 domicile<\/strong> \ud83d\udce5<\/p>\n<p>&nbsp;<\/p>\n<p>&nbsp;<\/p>\n[audio wav=\"http:\/\/mathieucote.art\/wp-content\/uploads\/2025\/11\/Les_Maux_Invisibles.wav\"][\/audio]\n","protected":false},"featured_media":3071,"comment_status":"open","ping_status":"closed","template":"","meta":[],"product_brand":[],"product_cat":[52],"product_tag":[],"class_list":{"0":"post-2991","1":"product","2":"type-product","3":"status-publish","4":"has-post-thumbnail","6":"product_cat-telechargeables","8":"first","9":"instock","10":"downloadable","11":"virtual","12":"purchasable","13":"product-type-simple","14":"layout-style-1","15":"col-md-4 col-sm-4 col-xs-6","16":"col-lg-3","17":"product-style-default"},"yoast_head":"<!-- This site is optimized with the Yoast SEO plugin v27.2 - https:\/\/yoast.com\/product\/yoast-seo-wordpress\/ -->\n<title>Les Maux Invisibles - Mathieu Cot\u00e9<\/title>\n<meta name=\"description\" content=\"Pi\u00e8ce pour piano solo qui \u00e9veille l\u2019intime et le non-dit, id\u00e9ale pour un concert ou comme habillage sonore dans une \u0153uvre audiovisuelle dramatique.\" \/>\n<meta name=\"robots\" content=\"index, follow, max-snippet:-1, max-image-preview:large, max-video-preview:-1\" \/>\n<link rel=\"canonical\" href=\"https:\/\/mathieucote.art\/index.php\/produit\/les-maux-invisibles\/\" \/>\n<meta property=\"og:locale\" content=\"fr_FR\" \/>\n<meta property=\"og:type\" content=\"article\" \/>\n<meta property=\"og:title\" content=\"Les Maux Invisibles - Mathieu Cot\u00e9\" \/>\n<meta property=\"og:description\" content=\"Pi\u00e8ce pour piano solo qui \u00e9veille l\u2019intime et le non-dit, id\u00e9ale pour un concert ou comme habillage sonore dans une \u0153uvre audiovisuelle dramatique.\" \/>\n<meta property=\"og:url\" content=\"https:\/\/mathieucote.art\/index.php\/produit\/les-maux-invisibles\/\" \/>\n<meta property=\"og:site_name\" content=\"Mathieu Cot\u00e9\" \/>\n<meta property=\"article:modified_time\" content=\"2026-01-09T10:25:19+00:00\" \/>\n<meta property=\"og:image\" content=\"http:\/\/mathieucote.art\/wp-content\/uploads\/2025\/11\/les-maux-new.png\" \/>\n\t<meta property=\"og:image:width\" content=\"993\" \/>\n\t<meta property=\"og:image:height\" content=\"863\" \/>\n\t<meta property=\"og:image:type\" content=\"image\/png\" \/>\n<meta name=\"twitter:card\" content=\"summary_large_image\" \/>\n<meta name=\"twitter:label1\" content=\"Dur\u00e9e de lecture estim\u00e9e\" \/>\n\t<meta name=\"twitter:data1\" content=\"1 minute\" \/>\n<script type=\"application\/ld+json\" class=\"yoast-schema-graph\">{\"@context\":\"https:\/\/schema.org\",\"@graph\":[{\"@type\":\"WebPage\",\"@id\":\"https:\/\/mathieucote.art\/index.php\/produit\/les-maux-invisibles\/\",\"url\":\"https:\/\/mathieucote.art\/index.php\/produit\/les-maux-invisibles\/\",\"name\":\"Les Maux Invisibles - Mathieu Cot\u00e9\",\"isPartOf\":{\"@id\":\"https:\/\/mathieucote.art\/#website\"},\"primaryImageOfPage\":{\"@id\":\"https:\/\/mathieucote.art\/index.php\/produit\/les-maux-invisibles\/#primaryimage\"},\"image\":{\"@id\":\"https:\/\/mathieucote.art\/index.php\/produit\/les-maux-invisibles\/#primaryimage\"},\"thumbnailUrl\":\"https:\/\/mathieucote.art\/wp-content\/uploads\/2025\/11\/les-maux-new.png\",\"datePublished\":\"2025-11-20T15:47:52+00:00\",\"dateModified\":\"2026-01-09T10:25:19+00:00\",\"description\":\"Pi\u00e8ce pour piano solo qui \u00e9veille l\u2019intime et le non-dit, id\u00e9ale pour un concert ou comme habillage sonore dans une \u0153uvre audiovisuelle dramatique.\",\"breadcrumb\":{\"@id\":\"https:\/\/mathieucote.art\/index.php\/produit\/les-maux-invisibles\/#breadcrumb\"},\"inLanguage\":\"fr-FR\",\"potentialAction\":[{\"@type\":\"ReadAction\",\"target\":[\"https:\/\/mathieucote.art\/index.php\/produit\/les-maux-invisibles\/\"]}]},{\"@type\":\"ImageObject\",\"inLanguage\":\"fr-FR\",\"@id\":\"https:\/\/mathieucote.art\/index.php\/produit\/les-maux-invisibles\/#primaryimage\",\"url\":\"https:\/\/mathieucote.art\/wp-content\/uploads\/2025\/11\/les-maux-new.png\",\"contentUrl\":\"https:\/\/mathieucote.art\/wp-content\/uploads\/2025\/11\/les-maux-new.png\",\"width\":993,\"height\":863},{\"@type\":\"BreadcrumbList\",\"@id\":\"https:\/\/mathieucote.art\/index.php\/produit\/les-maux-invisibles\/#breadcrumb\",\"itemListElement\":[{\"@type\":\"ListItem\",\"position\":1,\"name\":\"Accueil\",\"item\":\"https:\/\/mathieucote.art\/\"},{\"@type\":\"ListItem\",\"position\":2,\"name\":\"Boutique\",\"item\":\"https:\/\/mathieucote.art\/index.php\/boutique-piano-partition-original\/\"},{\"@type\":\"ListItem\",\"position\":3,\"name\":\"Les Maux Invisibles\"}]},{\"@type\":\"WebSite\",\"@id\":\"https:\/\/mathieucote.art\/#website\",\"url\":\"https:\/\/mathieucote.art\/\",\"name\":\"Mathieu Cot\u00e9\",\"description\":\"Des notes pour r\u00eaver\",\"potentialAction\":[{\"@type\":\"SearchAction\",\"target\":{\"@type\":\"EntryPoint\",\"urlTemplate\":\"https:\/\/mathieucote.art\/?s={search_term_string}\"},\"query-input\":{\"@type\":\"PropertyValueSpecification\",\"valueRequired\":true,\"valueName\":\"search_term_string\"}}],\"inLanguage\":\"fr-FR\"}]}<\/script>\n<!-- \/ Yoast SEO plugin. -->","yoast_head_json":{"title":"Les Maux Invisibles - Mathieu Cot\u00e9","description":"Pi\u00e8ce pour piano solo qui \u00e9veille l\u2019intime et le non-dit, id\u00e9ale pour un concert ou comme habillage sonore dans une \u0153uvre audiovisuelle dramatique.","robots":{"index":"index","follow":"follow","max-snippet":"max-snippet:-1","max-image-preview":"max-image-preview:large","max-video-preview":"max-video-preview:-1"},"canonical":"https:\/\/mathieucote.art\/index.php\/produit\/les-maux-invisibles\/","og_locale":"fr_FR","og_type":"article","og_title":"Les Maux Invisibles - Mathieu Cot\u00e9","og_description":"Pi\u00e8ce pour piano solo qui \u00e9veille l\u2019intime et le non-dit, id\u00e9ale pour un concert ou comme habillage sonore dans une \u0153uvre audiovisuelle dramatique.","og_url":"https:\/\/mathieucote.art\/index.php\/produit\/les-maux-invisibles\/","og_site_name":"Mathieu Cot\u00e9","article_modified_time":"2026-01-09T10:25:19+00:00","og_image":[{"width":993,"height":863,"url":"http:\/\/mathieucote.art\/wp-content\/uploads\/2025\/11\/les-maux-new.png","type":"image\/png"}],"twitter_card":"summary_large_image","twitter_misc":{"Dur\u00e9e de lecture estim\u00e9e":"1 minute"},"schema":{"@context":"https:\/\/schema.org","@graph":[{"@type":"WebPage","@id":"https:\/\/mathieucote.art\/index.php\/produit\/les-maux-invisibles\/","url":"https:\/\/mathieucote.art\/index.php\/produit\/les-maux-invisibles\/","name":"Les Maux Invisibles - Mathieu Cot\u00e9","isPartOf":{"@id":"https:\/\/mathieucote.art\/#website"},"primaryImageOfPage":{"@id":"https:\/\/mathieucote.art\/index.php\/produit\/les-maux-invisibles\/#primaryimage"},"image":{"@id":"https:\/\/mathieucote.art\/index.php\/produit\/les-maux-invisibles\/#primaryimage"},"thumbnailUrl":"https:\/\/mathieucote.art\/wp-content\/uploads\/2025\/11\/les-maux-new.png","datePublished":"2025-11-20T15:47:52+00:00","dateModified":"2026-01-09T10:25:19+00:00","description":"Pi\u00e8ce pour piano solo qui \u00e9veille l\u2019intime et le non-dit, id\u00e9ale pour un concert ou comme habillage sonore dans une \u0153uvre audiovisuelle dramatique.","breadcrumb":{"@id":"https:\/\/mathieucote.art\/index.php\/produit\/les-maux-invisibles\/#breadcrumb"},"inLanguage":"fr-FR","potentialAction":[{"@type":"ReadAction","target":["https:\/\/mathieucote.art\/index.php\/produit\/les-maux-invisibles\/"]}]},{"@type":"ImageObject","inLanguage":"fr-FR","@id":"https:\/\/mathieucote.art\/index.php\/produit\/les-maux-invisibles\/#primaryimage","url":"https:\/\/mathieucote.art\/wp-content\/uploads\/2025\/11\/les-maux-new.png","contentUrl":"https:\/\/mathieucote.art\/wp-content\/uploads\/2025\/11\/les-maux-new.png","width":993,"height":863},{"@type":"BreadcrumbList","@id":"https:\/\/mathieucote.art\/index.php\/produit\/les-maux-invisibles\/#breadcrumb","itemListElement":[{"@type":"ListItem","position":1,"name":"Accueil","item":"https:\/\/mathieucote.art\/"},{"@type":"ListItem","position":2,"name":"Boutique","item":"https:\/\/mathieucote.art\/index.php\/boutique-piano-partition-original\/"},{"@type":"ListItem","position":3,"name":"Les Maux Invisibles"}]},{"@type":"WebSite","@id":"https:\/\/mathieucote.art\/#website","url":"https:\/\/mathieucote.art\/","name":"Mathieu Cot\u00e9","description":"Des notes pour r\u00eaver","potentialAction":[{"@type":"SearchAction","target":{"@type":"EntryPoint","urlTemplate":"https:\/\/mathieucote.art\/?s={search_term_string}"},"query-input":{"@type":"PropertyValueSpecification","valueRequired":true,"valueName":"search_term_string"}}],"inLanguage":"fr-FR"}]}},"jetpack_sharing_enabled":true,"_links":{"self":[{"href":"https:\/\/mathieucote.art\/index.php\/wp-json\/wp\/v2\/product\/2991","targetHints":{"allow":["GET"]}}],"collection":[{"href":"https:\/\/mathieucote.art\/index.php\/wp-json\/wp\/v2\/product"}],"about":[{"href":"https:\/\/mathieucote.art\/index.php\/wp-json\/wp\/v2\/types\/product"}],"replies":[{"embeddable":true,"href":"https:\/\/mathieucote.art\/index.php\/wp-json\/wp\/v2\/comments?post=2991"}],"wp:featuredmedia":[{"embeddable":true,"href":"https:\/\/mathieucote.art\/index.php\/wp-json\/wp\/v2\/media\/3071"}],"wp:attachment":[{"href":"https:\/\/mathieucote.art\/index.php\/wp-json\/wp\/v2\/media?parent=2991"}],"wp:term":[{"taxonomy":"product_brand","embeddable":true,"href":"https:\/\/mathieucote.art\/index.php\/wp-json\/wp\/v2\/product_brand?post=2991"},{"taxonomy":"product_cat","embeddable":true,"href":"https:\/\/mathieucote.art\/index.php\/wp-json\/wp\/v2\/product_cat?post=2991"},{"taxonomy":"product_tag","embeddable":true,"href":"https:\/\/mathieucote.art\/index.php\/wp-json\/wp\/v2\/product_tag?post=2991"}],"curies":[{"name":"wp","href":"https:\/\/api.w.org\/{rel}","templated":true}]}}