{"id":2718,"date":"2025-09-17T20:29:52","date_gmt":"2025-09-17T18:29:52","guid":{"rendered":"http:\/\/mathieucote.art\/?post_type=product&#038;p=2718"},"modified":"2025-11-20T12:20:21","modified_gmt":"2025-11-20T11:20:21","slug":"partition-originale-piano-chine","status":"publish","type":"product","link":"https:\/\/mathieucote.art\/index.php\/produit\/partition-originale-piano-chine\/","title":{"rendered":"En Chine"},"content":{"rendered":"","protected":false},"excerpt":{"rendered":"[audio wav=\"http:\/\/mathieucote.art\/wp-content\/uploads\/2016\/07\/La-Chine2.wav\"][\/audio]\n<p data-start=\"176\" data-end=\"453\"><strong data-start=\"176\" data-end=\"201\"><br \/>\nDescription produit :<\/strong><br data-start=\"201\" data-end=\"204\" \/>Cette <strong data-start=\"210\" data-end=\"249\">partition originale pour piano solo<\/strong>, issue de la collection <strong data-start=\"274\" data-end=\"288\">\u00ab\u202fVoyage\u202f\u00bb<\/strong>, vous transporte en <strong data-start=\"309\" data-end=\"318\">Chine!<\/strong><br data-start=\"319\" data-end=\"322\" \/>La pi\u00e8ce, <strong data-start=\"332\" data-end=\"359\">en deux parties courtes<\/strong>, passe <strong data-start=\"367\" data-end=\"419\">du calme de la\u00a0 rivi\u00e8re au flot vif et entra\u00eenant.<br \/>\n<\/strong>Id\u00e9al pour les pianistes \u00e9tudiants !<\/p>\n<ul data-start=\"455\" data-end=\"603\">\n<li data-start=\"455\" data-end=\"490\">\n<p data-start=\"457\" data-end=\"490\"><strong data-start=\"457\" data-end=\"469\">Format :<\/strong> feuillet \u00e0 l\u2019unit\u00e9<\/p>\n<\/li>\n<li data-start=\"491\" data-end=\"518\">\n<p data-start=\"493\" data-end=\"518\"><strong data-start=\"493\" data-end=\"514\">Nombre de pages :<\/strong> 2<\/p>\n<\/li>\n<li data-start=\"519\" data-end=\"603\">\n<p data-start=\"521\" data-end=\"603\"><strong data-start=\"521\" data-end=\"531\">Type :<\/strong> partition num\u00e9rique, t\u00e9l\u00e9chargement imm\u00e9diat et impression \u00e0 domicile<\/p>\n<\/li>\n<\/ul>\n","protected":false},"featured_media":2726,"comment_status":"open","ping_status":"closed","template":"","meta":[],"product_brand":[],"product_cat":[52],"product_tag":[],"class_list":{"0":"post-2718","1":"product","2":"type-product","3":"status-publish","4":"has-post-thumbnail","6":"product_cat-telechargeables","8":"first","9":"instock","10":"downloadable","11":"virtual","12":"purchasable","13":"product-type-simple","14":"layout-style-1","15":"col-md-4 col-sm-4 col-xs-6","16":"col-lg-3","17":"product-has-gallery","18":"product-style-default"},"yoast_head":"<!-- This site is optimized with the Yoast SEO plugin v27.2 - https:\/\/yoast.com\/product\/yoast-seo-wordpress\/ -->\n<title>En Chine - Mathieu Cot\u00e9<\/title>\n<meta name=\"description\" content=\"D\u00e9couvrez une partition unique pour piano solo, inspir\u00e9e de la Chine. Pi\u00e8ce courte en 2 mouvements : lent et po\u00e9tique, puis rapide et entra\u00eenant !\" \/>\n<meta name=\"robots\" content=\"index, follow, max-snippet:-1, max-image-preview:large, max-video-preview:-1\" \/>\n<link rel=\"canonical\" href=\"https:\/\/mathieucote.art\/index.php\/produit\/partition-originale-piano-chine\/\" \/>\n<meta property=\"og:locale\" content=\"fr_FR\" \/>\n<meta property=\"og:type\" content=\"article\" \/>\n<meta property=\"og:title\" content=\"En Chine - Mathieu Cot\u00e9\" \/>\n<meta property=\"og:description\" content=\"D\u00e9couvrez une partition unique pour piano solo, inspir\u00e9e de la Chine. Pi\u00e8ce courte en 2 mouvements : lent et po\u00e9tique, puis rapide et entra\u00eenant !\" \/>\n<meta property=\"og:url\" content=\"https:\/\/mathieucote.art\/index.php\/produit\/partition-originale-piano-chine\/\" \/>\n<meta property=\"og:site_name\" content=\"Mathieu Cot\u00e9\" \/>\n<meta property=\"article:modified_time\" content=\"2025-11-20T11:20:21+00:00\" \/>\n<meta name=\"twitter:card\" content=\"summary_large_image\" \/>\n<meta name=\"twitter:label1\" content=\"Dur\u00e9e de lecture estim\u00e9e\" \/>\n\t<meta name=\"twitter:data1\" content=\"1 minute\" \/>\n<script type=\"application\/ld+json\" class=\"yoast-schema-graph\">{\"@context\":\"https:\/\/schema.org\",\"@graph\":[{\"@type\":\"WebPage\",\"@id\":\"https:\/\/mathieucote.art\/index.php\/produit\/partition-originale-piano-chine\/\",\"url\":\"https:\/\/mathieucote.art\/index.php\/produit\/partition-originale-piano-chine\/\",\"name\":\"En Chine - Mathieu Cot\u00e9\",\"isPartOf\":{\"@id\":\"https:\/\/mathieucote.art\/#website\"},\"primaryImageOfPage\":{\"@id\":\"https:\/\/mathieucote.art\/index.php\/produit\/partition-originale-piano-chine\/#primaryimage\"},\"image\":{\"@id\":\"https:\/\/mathieucote.art\/index.php\/produit\/partition-originale-piano-chine\/#primaryimage\"},\"thumbnailUrl\":\"https:\/\/mathieucote.art\/wp-content\/uploads\/2025\/09\/Au-bord-du-Yangtse_1-1-pdf.jpg\",\"datePublished\":\"2025-09-17T18:29:52+00:00\",\"dateModified\":\"2025-11-20T11:20:21+00:00\",\"description\":\"D\u00e9couvrez une partition unique pour piano solo, inspir\u00e9e de la Chine. Pi\u00e8ce courte en 2 mouvements : lent et po\u00e9tique, puis rapide et entra\u00eenant !\",\"breadcrumb\":{\"@id\":\"https:\/\/mathieucote.art\/index.php\/produit\/partition-originale-piano-chine\/#breadcrumb\"},\"inLanguage\":\"fr-FR\",\"potentialAction\":[{\"@type\":\"ReadAction\",\"target\":[\"https:\/\/mathieucote.art\/index.php\/produit\/partition-originale-piano-chine\/\"]}]},{\"@type\":\"ImageObject\",\"inLanguage\":\"fr-FR\",\"@id\":\"https:\/\/mathieucote.art\/index.php\/produit\/partition-originale-piano-chine\/#primaryimage\",\"url\":\"https:\/\/mathieucote.art\/wp-content\/uploads\/2025\/09\/Au-bord-du-Yangtse_1-1-pdf.jpg\",\"contentUrl\":\"https:\/\/mathieucote.art\/wp-content\/uploads\/2025\/09\/Au-bord-du-Yangtse_1-1-pdf.jpg\"},{\"@type\":\"BreadcrumbList\",\"@id\":\"https:\/\/mathieucote.art\/index.php\/produit\/partition-originale-piano-chine\/#breadcrumb\",\"itemListElement\":[{\"@type\":\"ListItem\",\"position\":1,\"name\":\"Accueil\",\"item\":\"https:\/\/mathieucote.art\/\"},{\"@type\":\"ListItem\",\"position\":2,\"name\":\"Boutique\",\"item\":\"https:\/\/mathieucote.art\/index.php\/boutique-piano-partition-original\/\"},{\"@type\":\"ListItem\",\"position\":3,\"name\":\"En Chine\"}]},{\"@type\":\"WebSite\",\"@id\":\"https:\/\/mathieucote.art\/#website\",\"url\":\"https:\/\/mathieucote.art\/\",\"name\":\"Mathieu Cot\u00e9\",\"description\":\"Des notes pour r\u00eaver\",\"potentialAction\":[{\"@type\":\"SearchAction\",\"target\":{\"@type\":\"EntryPoint\",\"urlTemplate\":\"https:\/\/mathieucote.art\/?s={search_term_string}\"},\"query-input\":{\"@type\":\"PropertyValueSpecification\",\"valueRequired\":true,\"valueName\":\"search_term_string\"}}],\"inLanguage\":\"fr-FR\"}]}<\/script>\n<!-- \/ Yoast SEO plugin. -->","yoast_head_json":{"title":"En Chine - Mathieu Cot\u00e9","description":"D\u00e9couvrez une partition unique pour piano solo, inspir\u00e9e de la Chine. Pi\u00e8ce courte en 2 mouvements : lent et po\u00e9tique, puis rapide et entra\u00eenant !","robots":{"index":"index","follow":"follow","max-snippet":"max-snippet:-1","max-image-preview":"max-image-preview:large","max-video-preview":"max-video-preview:-1"},"canonical":"https:\/\/mathieucote.art\/index.php\/produit\/partition-originale-piano-chine\/","og_locale":"fr_FR","og_type":"article","og_title":"En Chine - Mathieu Cot\u00e9","og_description":"D\u00e9couvrez une partition unique pour piano solo, inspir\u00e9e de la Chine. Pi\u00e8ce courte en 2 mouvements : lent et po\u00e9tique, puis rapide et entra\u00eenant !","og_url":"https:\/\/mathieucote.art\/index.php\/produit\/partition-originale-piano-chine\/","og_site_name":"Mathieu Cot\u00e9","article_modified_time":"2025-11-20T11:20:21+00:00","twitter_card":"summary_large_image","twitter_misc":{"Dur\u00e9e de lecture estim\u00e9e":"1 minute"},"schema":{"@context":"https:\/\/schema.org","@graph":[{"@type":"WebPage","@id":"https:\/\/mathieucote.art\/index.php\/produit\/partition-originale-piano-chine\/","url":"https:\/\/mathieucote.art\/index.php\/produit\/partition-originale-piano-chine\/","name":"En Chine - Mathieu Cot\u00e9","isPartOf":{"@id":"https:\/\/mathieucote.art\/#website"},"primaryImageOfPage":{"@id":"https:\/\/mathieucote.art\/index.php\/produit\/partition-originale-piano-chine\/#primaryimage"},"image":{"@id":"https:\/\/mathieucote.art\/index.php\/produit\/partition-originale-piano-chine\/#primaryimage"},"thumbnailUrl":"https:\/\/mathieucote.art\/wp-content\/uploads\/2025\/09\/Au-bord-du-Yangtse_1-1-pdf.jpg","datePublished":"2025-09-17T18:29:52+00:00","dateModified":"2025-11-20T11:20:21+00:00","description":"D\u00e9couvrez une partition unique pour piano solo, inspir\u00e9e de la Chine. Pi\u00e8ce courte en 2 mouvements : lent et po\u00e9tique, puis rapide et entra\u00eenant !","breadcrumb":{"@id":"https:\/\/mathieucote.art\/index.php\/produit\/partition-originale-piano-chine\/#breadcrumb"},"inLanguage":"fr-FR","potentialAction":[{"@type":"ReadAction","target":["https:\/\/mathieucote.art\/index.php\/produit\/partition-originale-piano-chine\/"]}]},{"@type":"ImageObject","inLanguage":"fr-FR","@id":"https:\/\/mathieucote.art\/index.php\/produit\/partition-originale-piano-chine\/#primaryimage","url":"https:\/\/mathieucote.art\/wp-content\/uploads\/2025\/09\/Au-bord-du-Yangtse_1-1-pdf.jpg","contentUrl":"https:\/\/mathieucote.art\/wp-content\/uploads\/2025\/09\/Au-bord-du-Yangtse_1-1-pdf.jpg"},{"@type":"BreadcrumbList","@id":"https:\/\/mathieucote.art\/index.php\/produit\/partition-originale-piano-chine\/#breadcrumb","itemListElement":[{"@type":"ListItem","position":1,"name":"Accueil","item":"https:\/\/mathieucote.art\/"},{"@type":"ListItem","position":2,"name":"Boutique","item":"https:\/\/mathieucote.art\/index.php\/boutique-piano-partition-original\/"},{"@type":"ListItem","position":3,"name":"En Chine"}]},{"@type":"WebSite","@id":"https:\/\/mathieucote.art\/#website","url":"https:\/\/mathieucote.art\/","name":"Mathieu Cot\u00e9","description":"Des notes pour r\u00eaver","potentialAction":[{"@type":"SearchAction","target":{"@type":"EntryPoint","urlTemplate":"https:\/\/mathieucote.art\/?s={search_term_string}"},"query-input":{"@type":"PropertyValueSpecification","valueRequired":true,"valueName":"search_term_string"}}],"inLanguage":"fr-FR"}]}},"jetpack_sharing_enabled":true,"_links":{"self":[{"href":"https:\/\/mathieucote.art\/index.php\/wp-json\/wp\/v2\/product\/2718","targetHints":{"allow":["GET"]}}],"collection":[{"href":"https:\/\/mathieucote.art\/index.php\/wp-json\/wp\/v2\/product"}],"about":[{"href":"https:\/\/mathieucote.art\/index.php\/wp-json\/wp\/v2\/types\/product"}],"replies":[{"embeddable":true,"href":"https:\/\/mathieucote.art\/index.php\/wp-json\/wp\/v2\/comments?post=2718"}],"wp:featuredmedia":[{"embeddable":true,"href":"https:\/\/mathieucote.art\/index.php\/wp-json\/wp\/v2\/media\/2726"}],"wp:attachment":[{"href":"https:\/\/mathieucote.art\/index.php\/wp-json\/wp\/v2\/media?parent=2718"}],"wp:term":[{"taxonomy":"product_brand","embeddable":true,"href":"https:\/\/mathieucote.art\/index.php\/wp-json\/wp\/v2\/product_brand?post=2718"},{"taxonomy":"product_cat","embeddable":true,"href":"https:\/\/mathieucote.art\/index.php\/wp-json\/wp\/v2\/product_cat?post=2718"},{"taxonomy":"product_tag","embeddable":true,"href":"https:\/\/mathieucote.art\/index.php\/wp-json\/wp\/v2\/product_tag?post=2718"}],"curies":[{"name":"wp","href":"https:\/\/api.w.org\/{rel}","templated":true}]}}