{"id":238,"date":"2016-09-02T08:16:09","date_gmt":"2016-09-02T08:16:09","guid":{"rendered":"http:\/\/demo.uix.store\/sober\/?post_type=product&#038;p=238"},"modified":"2025-12-08T16:40:15","modified_gmt":"2025-12-08T15:40:15","slug":"piano-debutant-partition-2","status":"publish","type":"product","link":"https:\/\/mathieucote.art\/index.php\/produit\/piano-debutant-partition-2\/","title":{"rendered":"L\u2019Illustr\u00e9e de Lyon"},"content":{"rendered":"<p><span data-start=\"455\" data-end=\"485\">Recueil pour piano solo, compos\u00e9 de six pi\u00e8ces courtes \u00e0 l\u2019esth\u00e9tique cin\u00e9matographique, dans un esprit proche d\u2019<strong>Erik Satie<\/strong>\u00a0ou\u00a0<strong>Joe Hisaishi<\/strong>, et accompagn\u00e9 d\u2019illustrations originales.<\/span><\/p>\n<p>\u00c0 la fois m\u00e9lodiques et rythmiques, ces pi\u00e8ces, accessibles \u00e0 tous pianistes ayant de bonnes bases en rythmes et en expressivit\u00e9, vous conduiront, par leurs sonorit\u00e9s, dans certains quartiers de la ville de Lyon.<br \/>\n\u00c0 la Guilloti\u00e8re, le quartier culturel bouillonnant de vie,\u00a0 sur la presqu\u2019\u00eele lors d\u2019un moment de f\u00eate,\u00a0 au Parc de la T\u00eate d\u2019Or pour une apr\u00e8s-midi introspective, ou encore \u00e0 la Confluence, l\u00e0 o\u00f9 les deux fleuves se rencontrent&#8230;<\/p>\n<p>Les illustrations de <strong>Lola P\u00e9nicaud<\/strong> accompagnent ce voyage.<br \/>\nAu fil des pages, elles \u00e9voquent des lieux, des rencontres, comme si l\u2019on suivait un jeune barde \u2014 celui de la couverture \u2014 le temps d\u2019une journ\u00e9e fictive \u00e0 Lyon.<\/p>\n<p>L\u2019ouvrage est imprim\u00e9 en grand format (34 x 26 cm) sur un papier mat \u00e9pais de haute qualit\u00e9, offrant une \u00e9dition haut de gamme et un confort de lecture optimal.<br \/>\nTirage limit\u00e9 \u00e0 150 exemplaires, et r\u00e9alis\u00e9 sans interm\u00e9diaire et sans subvention.<\/p>\n<p>Totalement auto-financ\u00e9e, l\u2019achat de cette partition contribue \u00e0 faire vivre un art local et engag\u00e9.\u00a0\u00bb<\/p>\n","protected":false},"excerpt":{"rendered":"<p>Partition originale po\u00e9tique et color\u00e9e, <strong><em data-start=\"896\" data-end=\"917\">L\u2019Illustr\u00e9e de Lyon<\/em><\/strong> vous invite, \u00e0 travers ses nombreux clins d\u2019\u0153il et r\u00e9f\u00e9rences, \u00e0 une d\u00e9ambulation onirique au c\u0153ur de la Ville Lumi\u00e8re.<\/p>\n<p style=\"text-align: center;\">\u00a0 \u00a0 \u00a0 \ud83c\udfb6\ud83c\udfb6\u00a0 Les extraits\u00a0 \ud83c\udfb6\ud83c\udfb6<\/p>\n<p>\u00ab\u00a0L&rsquo;ile du Souvenir\u00a0\u00bb<\/p>\n[audio wav=\"http:\/\/mathieucote.art\/wp-content\/uploads\/2016\/09\/2-Lile-du-souvenir.wav\"][\/audio]\n<p style=\"text-align: center;\">\u00a0 \u00a0 \u00a0 \u00ab\u00a0Entre Rh\u00f4ne &amp; Sa\u00f4ne\u00a0\u00bb<\/p>\n[audio wav=\"http:\/\/mathieucote.art\/wp-content\/uploads\/2016\/09\/5-Entre-Rhone-et-Saone.wav\"][\/audio]\n<p style=\"text-align: center;\">\u00ab\u00a0Les Gones De la Rue De Marseille\u00a0\u00bb<\/p>\n[audio wav=\"http:\/\/mathieucote.art\/wp-content\/uploads\/2016\/09\/extrait-4-Les-Gones-de-la-rue-de-Marseille.wav\"][\/audio]\n<p>https:\/\/youtube.com\/shorts\/CagpU7iB-WU?feature=share<\/p>\n<p>&nbsp;<\/p>\n","protected":false},"featured_media":2658,"comment_status":"open","ping_status":"closed","template":"","meta":[],"product_brand":[],"product_cat":[51],"product_tag":[],"class_list":{"0":"post-238","1":"product","2":"type-product","3":"status-publish","4":"has-post-thumbnail","6":"product_cat-imprimes","8":"first","9":"instock","10":"featured","11":"shipping-taxable","12":"purchasable","13":"product-type-simple","14":"layout-style-1","15":"col-md-4 col-sm-4 col-xs-6","16":"col-lg-3","17":"product-has-gallery","18":"product-style-default"},"yoast_head":"<!-- This site is optimized with the Yoast SEO plugin v27.2 - https:\/\/yoast.com\/product\/yoast-seo-wordpress\/ -->\n<title>L\u2019Illustr\u00e9e de Lyon - Mathieu Cot\u00e9<\/title>\n<meta name=\"description\" content=\"Partition illustr\u00e9e originale pour piano inspir\u00e9e de Lyon. Six pi\u00e8ces cin\u00e9matographiques dans l&#039;esprit de Satie et Hisaishi. \u00c9dition limit\u00e9e.\" \/>\n<meta name=\"robots\" content=\"index, follow, max-snippet:-1, max-image-preview:large, max-video-preview:-1\" \/>\n<link rel=\"canonical\" href=\"https:\/\/mathieucote.art\/index.php\/produit\/piano-debutant-partition-2\/\" \/>\n<meta property=\"og:locale\" content=\"fr_FR\" \/>\n<meta property=\"og:type\" content=\"article\" \/>\n<meta property=\"og:title\" content=\"L\u2019Illustr\u00e9e de Lyon - Mathieu Cot\u00e9\" \/>\n<meta property=\"og:description\" content=\"Partition illustr\u00e9e originale pour piano inspir\u00e9e de Lyon. Six pi\u00e8ces cin\u00e9matographiques dans l&#039;esprit de Satie et Hisaishi. \u00c9dition limit\u00e9e.\" \/>\n<meta property=\"og:url\" content=\"https:\/\/mathieucote.art\/index.php\/produit\/piano-debutant-partition-2\/\" \/>\n<meta property=\"og:site_name\" content=\"Mathieu Cot\u00e9\" \/>\n<meta property=\"article:modified_time\" content=\"2025-12-08T15:40:15+00:00\" \/>\n<meta property=\"og:image\" content=\"http:\/\/mathieucote.art\/wp-content\/uploads\/2016\/09\/1er-de-couverture.jpeg\" \/>\n\t<meta property=\"og:image:width\" content=\"632\" \/>\n\t<meta property=\"og:image:height\" content=\"824\" \/>\n\t<meta property=\"og:image:type\" content=\"image\/jpeg\" \/>\n<meta name=\"twitter:card\" content=\"summary_large_image\" \/>\n<meta name=\"twitter:label1\" content=\"Dur\u00e9e de lecture estim\u00e9e\" \/>\n\t<meta name=\"twitter:data1\" content=\"2 minutes\" \/>\n<script type=\"application\/ld+json\" class=\"yoast-schema-graph\">{\"@context\":\"https:\/\/schema.org\",\"@graph\":[{\"@type\":\"WebPage\",\"@id\":\"https:\/\/mathieucote.art\/index.php\/produit\/piano-debutant-partition-2\/\",\"url\":\"https:\/\/mathieucote.art\/index.php\/produit\/piano-debutant-partition-2\/\",\"name\":\"L\u2019Illustr\u00e9e de Lyon - Mathieu Cot\u00e9\",\"isPartOf\":{\"@id\":\"https:\/\/mathieucote.art\/#website\"},\"primaryImageOfPage\":{\"@id\":\"https:\/\/mathieucote.art\/index.php\/produit\/piano-debutant-partition-2\/#primaryimage\"},\"image\":{\"@id\":\"https:\/\/mathieucote.art\/index.php\/produit\/piano-debutant-partition-2\/#primaryimage\"},\"thumbnailUrl\":\"https:\/\/mathieucote.art\/wp-content\/uploads\/2016\/09\/1er-de-couverture.jpeg\",\"datePublished\":\"2016-09-02T08:16:09+00:00\",\"dateModified\":\"2025-12-08T15:40:15+00:00\",\"description\":\"Partition illustr\u00e9e originale pour piano inspir\u00e9e de Lyon. Six pi\u00e8ces cin\u00e9matographiques dans l'esprit de Satie et Hisaishi. \u00c9dition limit\u00e9e.\",\"breadcrumb\":{\"@id\":\"https:\/\/mathieucote.art\/index.php\/produit\/piano-debutant-partition-2\/#breadcrumb\"},\"inLanguage\":\"fr-FR\",\"potentialAction\":[{\"@type\":\"ReadAction\",\"target\":[\"https:\/\/mathieucote.art\/index.php\/produit\/piano-debutant-partition-2\/\"]}]},{\"@type\":\"ImageObject\",\"inLanguage\":\"fr-FR\",\"@id\":\"https:\/\/mathieucote.art\/index.php\/produit\/piano-debutant-partition-2\/#primaryimage\",\"url\":\"https:\/\/mathieucote.art\/wp-content\/uploads\/2016\/09\/1er-de-couverture.jpeg\",\"contentUrl\":\"https:\/\/mathieucote.art\/wp-content\/uploads\/2016\/09\/1er-de-couverture.jpeg\",\"width\":632,\"height\":824},{\"@type\":\"BreadcrumbList\",\"@id\":\"https:\/\/mathieucote.art\/index.php\/produit\/piano-debutant-partition-2\/#breadcrumb\",\"itemListElement\":[{\"@type\":\"ListItem\",\"position\":1,\"name\":\"Accueil\",\"item\":\"https:\/\/mathieucote.art\/\"},{\"@type\":\"ListItem\",\"position\":2,\"name\":\"Boutique\",\"item\":\"https:\/\/mathieucote.art\/index.php\/boutique-piano-partition-original\/\"},{\"@type\":\"ListItem\",\"position\":3,\"name\":\"L\u2019Illustr\u00e9e de Lyon\"}]},{\"@type\":\"WebSite\",\"@id\":\"https:\/\/mathieucote.art\/#website\",\"url\":\"https:\/\/mathieucote.art\/\",\"name\":\"Mathieu Cot\u00e9\",\"description\":\"Des notes pour r\u00eaver\",\"potentialAction\":[{\"@type\":\"SearchAction\",\"target\":{\"@type\":\"EntryPoint\",\"urlTemplate\":\"https:\/\/mathieucote.art\/?s={search_term_string}\"},\"query-input\":{\"@type\":\"PropertyValueSpecification\",\"valueRequired\":true,\"valueName\":\"search_term_string\"}}],\"inLanguage\":\"fr-FR\"}]}<\/script>\n<!-- \/ Yoast SEO plugin. -->","yoast_head_json":{"title":"L\u2019Illustr\u00e9e de Lyon - Mathieu Cot\u00e9","description":"Partition illustr\u00e9e originale pour piano inspir\u00e9e de Lyon. Six pi\u00e8ces cin\u00e9matographiques dans l'esprit de Satie et Hisaishi. \u00c9dition limit\u00e9e.","robots":{"index":"index","follow":"follow","max-snippet":"max-snippet:-1","max-image-preview":"max-image-preview:large","max-video-preview":"max-video-preview:-1"},"canonical":"https:\/\/mathieucote.art\/index.php\/produit\/piano-debutant-partition-2\/","og_locale":"fr_FR","og_type":"article","og_title":"L\u2019Illustr\u00e9e de Lyon - Mathieu Cot\u00e9","og_description":"Partition illustr\u00e9e originale pour piano inspir\u00e9e de Lyon. Six pi\u00e8ces cin\u00e9matographiques dans l'esprit de Satie et Hisaishi. \u00c9dition limit\u00e9e.","og_url":"https:\/\/mathieucote.art\/index.php\/produit\/piano-debutant-partition-2\/","og_site_name":"Mathieu Cot\u00e9","article_modified_time":"2025-12-08T15:40:15+00:00","og_image":[{"width":632,"height":824,"url":"http:\/\/mathieucote.art\/wp-content\/uploads\/2016\/09\/1er-de-couverture.jpeg","type":"image\/jpeg"}],"twitter_card":"summary_large_image","twitter_misc":{"Dur\u00e9e de lecture estim\u00e9e":"2 minutes"},"schema":{"@context":"https:\/\/schema.org","@graph":[{"@type":"WebPage","@id":"https:\/\/mathieucote.art\/index.php\/produit\/piano-debutant-partition-2\/","url":"https:\/\/mathieucote.art\/index.php\/produit\/piano-debutant-partition-2\/","name":"L\u2019Illustr\u00e9e de Lyon - Mathieu Cot\u00e9","isPartOf":{"@id":"https:\/\/mathieucote.art\/#website"},"primaryImageOfPage":{"@id":"https:\/\/mathieucote.art\/index.php\/produit\/piano-debutant-partition-2\/#primaryimage"},"image":{"@id":"https:\/\/mathieucote.art\/index.php\/produit\/piano-debutant-partition-2\/#primaryimage"},"thumbnailUrl":"https:\/\/mathieucote.art\/wp-content\/uploads\/2016\/09\/1er-de-couverture.jpeg","datePublished":"2016-09-02T08:16:09+00:00","dateModified":"2025-12-08T15:40:15+00:00","description":"Partition illustr\u00e9e originale pour piano inspir\u00e9e de Lyon. Six pi\u00e8ces cin\u00e9matographiques dans l'esprit de Satie et Hisaishi. \u00c9dition limit\u00e9e.","breadcrumb":{"@id":"https:\/\/mathieucote.art\/index.php\/produit\/piano-debutant-partition-2\/#breadcrumb"},"inLanguage":"fr-FR","potentialAction":[{"@type":"ReadAction","target":["https:\/\/mathieucote.art\/index.php\/produit\/piano-debutant-partition-2\/"]}]},{"@type":"ImageObject","inLanguage":"fr-FR","@id":"https:\/\/mathieucote.art\/index.php\/produit\/piano-debutant-partition-2\/#primaryimage","url":"https:\/\/mathieucote.art\/wp-content\/uploads\/2016\/09\/1er-de-couverture.jpeg","contentUrl":"https:\/\/mathieucote.art\/wp-content\/uploads\/2016\/09\/1er-de-couverture.jpeg","width":632,"height":824},{"@type":"BreadcrumbList","@id":"https:\/\/mathieucote.art\/index.php\/produit\/piano-debutant-partition-2\/#breadcrumb","itemListElement":[{"@type":"ListItem","position":1,"name":"Accueil","item":"https:\/\/mathieucote.art\/"},{"@type":"ListItem","position":2,"name":"Boutique","item":"https:\/\/mathieucote.art\/index.php\/boutique-piano-partition-original\/"},{"@type":"ListItem","position":3,"name":"L\u2019Illustr\u00e9e de Lyon"}]},{"@type":"WebSite","@id":"https:\/\/mathieucote.art\/#website","url":"https:\/\/mathieucote.art\/","name":"Mathieu Cot\u00e9","description":"Des notes pour r\u00eaver","potentialAction":[{"@type":"SearchAction","target":{"@type":"EntryPoint","urlTemplate":"https:\/\/mathieucote.art\/?s={search_term_string}"},"query-input":{"@type":"PropertyValueSpecification","valueRequired":true,"valueName":"search_term_string"}}],"inLanguage":"fr-FR"}]}},"jetpack_sharing_enabled":true,"_links":{"self":[{"href":"https:\/\/mathieucote.art\/index.php\/wp-json\/wp\/v2\/product\/238","targetHints":{"allow":["GET"]}}],"collection":[{"href":"https:\/\/mathieucote.art\/index.php\/wp-json\/wp\/v2\/product"}],"about":[{"href":"https:\/\/mathieucote.art\/index.php\/wp-json\/wp\/v2\/types\/product"}],"replies":[{"embeddable":true,"href":"https:\/\/mathieucote.art\/index.php\/wp-json\/wp\/v2\/comments?post=238"}],"wp:featuredmedia":[{"embeddable":true,"href":"https:\/\/mathieucote.art\/index.php\/wp-json\/wp\/v2\/media\/2658"}],"wp:attachment":[{"href":"https:\/\/mathieucote.art\/index.php\/wp-json\/wp\/v2\/media?parent=238"}],"wp:term":[{"taxonomy":"product_brand","embeddable":true,"href":"https:\/\/mathieucote.art\/index.php\/wp-json\/wp\/v2\/product_brand?post=238"},{"taxonomy":"product_cat","embeddable":true,"href":"https:\/\/mathieucote.art\/index.php\/wp-json\/wp\/v2\/product_cat?post=238"},{"taxonomy":"product_tag","embeddable":true,"href":"https:\/\/mathieucote.art\/index.php\/wp-json\/wp\/v2\/product_tag?post=238"}],"curies":[{"name":"wp","href":"https:\/\/api.w.org\/{rel}","templated":true}]}}